+ 22 + -92)?
-28
Evaluate (-11 - (7 + -3)) + -10 + (-8 + 6 - 2).
-29
(29 - 26 - (6 - 2)) + 36 + -6 + 4
33
Evaluate (138 - (12 - 1) - (16 - (19 + -12))) + -3.
115
(-5 - -3) + 47 - (10 - (9 + 4))
48
Evaluate -1 + 9 + (-9 + -7 - -15) + -4.
3
0 + -7 + (38 - ((12 - 7) + 2))
24
Calculate 16 + (2 - 5) - (-34 + 24 + -53).
76
What is the value of 19 + (-5 - -18) + -45 + -7?
-20
What is (4 - 5) + 30 + (12 - (-13 + 18))?
36
-2 + 4 + 34 + -3538 + 3555
53
Evaluate -18 - -23 - -1 - (-4 - -2) - 33.
-25
-69 + (63 + 24 - -1)
19
What is the value of -11 + 14 + -5 - (8 - (-113 + (-13 - -7)))?
-129
Evaluate (20 - 3) + -11 + -3 + 0 + 44.
47
What is the value of 22 + -2 + (87 - 20) + -30?
57
Calculate (86 - 71) + -25 - (4 - (4 + -88)).
-98
Calculate (-12 - (-64 - -58)) + (-2 - -22) - -79.
93
What is (17 - ((7 - 36) + 34)) + -55 + 1?
-42
What is (-46 - 11) + 236 + -192?
-13
Evaluate (-14 - -1) + -2 - (29 - -20 - 58).
-6
Evaluate -35 + (-4 - -4) + -591 + 590.
-36
13 + 35 + -36 + -8 + (0 - 11)
-7
What is (12 - -1) + -61 + (15 - 4)?
-37
Evaluate 20 - (-19 - -18 - -63) - 34.
-76
What is the value of -20 + 112 + -108 + (1 - 28)?
-43
What is the value of 19 + (23 + 11 + -63 - -11)?
1
Calculate 4 - (-65 - (-16 + -2 - -25) - 5).
81
Evaluate -34 - (-55 - 0) - 146.
-125
-11 + 64 + 13 + 20 + 8 + -21
73
Calculate (-1439 - -1449) + (2 + -2 + 1 - -11).
22
What is the value of 0 + 7 - (25 + 27 + -55) - -51 - -6?
67
(409 - 401 - (-2 - -1 - (-8 + -7))) + 59
53
What is the value of -68 - (0 + -3 + (-19 + -26 - -36)) - 8?
-64
Evaluate 18 + -7 + (3 - 21) - 11 - 21.
-39
What is the value of (-3579 - -3649) + (-1 - -2)?
71
What is the value of 3 + (-42 - -16) + (-31 - -4)?
-50
75 - (104 + (-14 - 40))
25
What is the value of (53 - ((0 - 1) + 2)) + (118 - (123 + 0))?
47
(-46 - -9 - -33) + -34 + 1 + (-1 - 0)
-38
Evaluate 13 + (-31 - -8) + 0 + 37.
27
Evaluate -4 + (-29 - -18) + 10 + (0 - -4).
-1
What is (1 + 2 - 4 - (153 - 139)) + 21 + -8?
-2
(-21 + -44 - -5 - -35) + (-4 - -1)
-28
Evaluate 12 + 9 + -14 + (-16 - -5) + (4 - 11).
-11
Calculate -1053 - -1013 - (4 - -8).
-52
Evaluate -4 + (15 + -5 - 16) - (3 - -4 - -60).
-77
Calculate 22 - (15 + -17 + 35 + -8).
-3
Evaluate 41 - (1 + 20 + (29 - 66) + 24).
33
Evaluate (81 - 25 - 15) + -34.
7
Evaluate (-19 + 18 - 18 - -19) + -11.
-11
What is 64 - (12 + 1 + (-22 - (9 - 34)))?
48
Evaluate -32 - (72 + (-25 + 35 - 33)).
-81
Calculate 99669 + -99642 - (-9 - (1 + 0)).
37
What is -32 - -9 - 9 - 0?
-32
What is 2467 + -2433 - (128 - -2)?
-96
2 - -78 - (-10690 + 10857)
-87
What is the value of -76 + (-9 + 18 - (27 - 0))?
-94
What is the value of 15 + (-64 - -66) - -21?
38
What is 22 - (22 + (6 - 16) + -47)?
57
Calculate -24 - (-57 + -11 - -41).
3
What is -2 + -2 + -3 + -28 + 22 + 60?
47
What is (3 - 0) + (-873 - -819)?
-51
Calculate 19 + -7 + -16 - (-77 + (10 - 8)).
71
Evaluate -2 + 47 + 9 + (4 - 12).
46
What is -43 - (230 - 234 - (1 + -22 + 0))?
-60
Calculate 0 - -107 - (2 - 0) - (-98128 + 98133).
100
-4 - -14 - (-79 - -71) - -14
32
What is 8 + (6 - ((-12 - (-10 - -3)) + 9)) - -20?
30
What is -37 - (-39 + -7 + 35)?
-26
What is the value of 0 + 28 - (-1957 - -1938)?
47
-57 + (64 - 19) + -81
-93
Calculate -4 + (0 - -82 - (-39 - (-2 + -54))).
61
Evaluate 34 - (-5 - -11) - (11 + -24 + 5 + -4).
40
Calculate -7 + -8 + 123 + -213.
-105
Evaluate 78 + (247 - 123) + -127.
75
Calculate -11 - 44 - (-174 + 57).
62
What is 1 + -158 - (14523 + -14594)?
-86
-23 - (-227 - -119) - 75
10
25 + (-15 - -6) + -21 + -7 - -10
-2
Calculate (27 - (32 + -41)) + -2 + -16.
18
What is 605 + -551 + (51 + -51 - (-2 - -1 - 3))?
58
What is the value of -2000 + 1971 + (-12 - -2)?
-39
What is (22 - 3) + 51 + -35 - 6?
29
Evaluate (-32 - (-10 - (13 - 26))) + (8 - (-7 - -3)).
-23
Calculate (20 - -9 - 7) + -22 - 77.
-77
What is the value of 8 + -4 + 6 - (58 + -2 + -5 + 11)?
-52
What is -20 + 0 + 12 + -108 + 99?
-17
Evaluate (8 - 86) + -12 - (-4 - (3 + (4 - 4))).
-83
Evaluate (-215 - -280) + -31 + 21 + -9.
46
Evaluate (36 - 35) + (13 - 17) + 0.
-3
What is the value of (-30 + (-7 - -19) - (-6 - 4)) + -28?
-36
What is the value of -10 + -3 + 3 + 9 + 5 + 1 + 0?
5
(32 - 57 - (-26 - 0)) + -75
-74
-1 + (4 + -16 - (-41 + -6 + 10 + 1))
23
What is (0 - -12) + -192 + 199 + (-15 - 0)?
4
What is the value of 62 - 53 - (-13 + 24 + -154)?
152
What is 15 + (-16 - 0) + (15 - 83)?
-69
What is the value of -3 - (-4 - -15) - (-9 - -33)?
-38
27 - (43 - 40) - (-2 + 25)
1
What is 66 + -39 + 16 + 11 - 1?
53
Evaluate (1 - (-2 + 56)) + -11 + 22.
-42
(5 - 1) + (-84 - 21 - -42) - (8 - 1)
-66
Calculate 25 + -87 + 78 + -46 + 2.
-28
Evaluate 22 + 3 - (7 - (-4 - -30 - -102)).
146
0 - -8 - (-298 - -361)
-55
-8 - (69 - (13 + 3)) - -20
-41
What is 4019 - 4038 - (1 - -25)?
-45
What is the value of (-29 - 80 - 38) + (0 - 4) + 20?
-131
Calculate 83 + -78 - (23 + 4 + (3 - 8)).
-17
Evaluate 47 + 22 + -82 - (-147 + 5).
129
Calculate -119 + (23 - 6 - (159 - 179)).
-82
Evaluate -1 + 1 + -238 + 133 + 90 - -129.
114
Calculate (-1 - -8) + ((10 - -4) + -15 - -54 - 8).
52
What is the value of (-12 - (-44 + 95 - 47)) + 1 + 3?
-12
What is the value of 9 + (-1 - -1) + -331 + (300 - -15)?
-7
What is -100 - (72 - (29 - -34) - (13 + 0 + 0))?
-96
What is (-10 + 1 + 18 - -3) + 23 + (5 - 2)?
38
Calculate 83 - (85 + 46 + -83).
35
24 + -70 - (-24 - 17)
-5
14 + (-7 + 61 - 44)
24
Evaluate -17 + (-78 - (4 - (1 + 18))) + -3.
-83
Evaluate (6 + 14 + -13 + -4 - 9) + -9 + 6.
-9
What is 2 + (22 - -1) + 13184 + -13150?
59
14 - ((-4 - -1) + 5 + (15 - 0))
-3
-7 + (-16 - -42 - 21) + (-13 - -4 - 0)
-11
What is the value of 24 - (-18 + -76 + 42)?
76
Evaluate -9 + (-9 - -4 - -5) + -531 + 535.
-5
What is the value of (-9 - -4) + 9 - (-14 - (-4 - 24))?
-10
What is the value of -393 + 368 + (2 - -5 - 35)?
-53
What is 11 + -40 + -16 + 44 + -30?
-31
What is the value of -2 - 84 - (-56 + 56 - (-7 + 0 + -3))?
-96
Evaluate 45 + (1 - 6) + (39 - (60 - 23)).
42
Calculate 2 + -9 + (10 - ((19 - (5 + -8)) + -6)).
-13
Calculate -7 + 2 - (-33 + 9 + -30).
49
What is 3 + 1 + -16 + 34 - (-2 - -1 - -5)?
18
Calculate (44 - (29 - -47)) + 7.
-25
Calculate (4 - 38) + -1 + 3497 + -3598.
-136
Calculate 120 + -65 + -39 + -16.
0
What is -18 + 54 - -6 - 6?
36
What is the value of 25 + 37 - (11 - -77)?
-26
Evaluate (-54 - (-15 + (33 - 52))) + -3 + -1.
-24
-29 - -21 - 38 - -20 - -50
24
What is (29 - 0) + (-12 - (-12 + -8)) + -2?
35
What is -108 + 59 + 59 + -32 + 0?
-22
What is 11 + 0 + 10 + (-4 - (-6 + 1 - 2))?
24
Calculate 2 + (-1 - -34) + -27 + (2 - -26).
36
What is the value of (17 - (2 - (6 + 6 + -19))) + -4 + -13?
-9
What is the value of -13 - -4 - -65 - 10?
46
100 - (37 - (1 - -16)) - (3 + -5 + -3)
85
What is (-7 - -1 - (-30 + 41) - -17) + -5?
-5
What is the value of (-38 - -15 - -22) + (-1 - 3) - 13?
-18
Evaluate (-34 - (-5 - (-6 + 0))) + -15 + (23 - 1).
-28
What is (-54 - (0 + -1 + -2)) + -1300 + 1295?
-56
-1 + 0 + (1 - 1) - (222 + 23 + -286)
40
What is the value of ((-1 - (-11 + 21 + 0)) + -43 - -2) + -1?
-53
-12 - 5 - (9 + 17 + -24 + -15)
-4
-10 + (8 - 3) + 43 + -2
36
-27 + (-9 - -86) + 20
70
-64 + 54 + 13 + 11
14
What is the value of 35 - (-114 + 143 + -76)?
82
Evaluate 26 - 8 - (4 - 5) - 5.
14
What is (-127 - (71 + -219)) + (-3 - 97)?
-79
What is 2863 + -2842 + (-4 - (0 + 1 - -25))?
-9
Evaluate (-3 + 9 - 7) + 27 + -98 + 22 + -11.
-61
What is the value of (-44 - (-55 + -10)) + 41 + -4?
58
Calculate 43 + -55 - (2 - 4 - (-59 + 188) - -5).
114
Evaluate -20 - ((0 + 8 - 2) + -2598 + 2604).
-32
Calculate -1 + -57 - (2 - ((-28 - -42) + -20)).
-66
2 - 8 - (-23 + -12) - 22
7
Calculate -59 - 4 - (9 - -26 - 46).
-52
What is 84 + (43 - (7 - -2 - -1))?
117
What is -52 + (178 - 54) - -12?
84
52 + 44 + -124 - -70
42
(24 - (148 + -121)) + (1 - (1 + 44))
-47
Calculate (10 + -11 - -46) + -66 - (-9 + 1).
-13
Calculate -70 + 39 + -22 + 19 - -10.
-24
What is the value of -94 + 6 + 23 + -12 - (6 + -4 + -2)?
-77
What is -118 - (-127 + 60 + -113)?
62
What is the value of (1 + 0 - (9 + 0)) + (38 - 8) + -47?
-25
-86 + 6 + -2 + 240 + -238
-80
What is 1 + (0 - (-4 + 6) - -8 - (65 + -6))?
-52
Evaluate (15 - (-16 - -38)) + (6 - 83) + -2 + 11.
-75
Evaluate (28 - 112) + 53 + (3 - 4).
-32
What is the value of (-5 - (-9 - (20 + -16 + -1))) + 13?
20
(9 - (82 + -9 - 9) - (1 + 9)) + 0
-65
What is (3 - 18) + (58 - (99 + -63